{"id":821,"date":"2023-05-11T17:13:27","date_gmt":"2023-05-11T17:13:27","guid":{"rendered":"https:\/\/vaughanadvisors.com\/cms\/?page_id=821"},"modified":"2023-10-23T19:15:48","modified_gmt":"2023-10-23T19:15:48","slug":"seminarios-nicaragua-2023","status":"publish","type":"page","link":"https:\/\/vaughanadvisors.com\/cms\/seminarios-nicaragua-2023\/","title":{"rendered":"Seminarios Nicaragua 2023"},"content":{"rendered":"\n<p><strong>\u00bfEst\u00e1 buscando soluciones Profesionales para su negocio en 2023?<\/strong><\/p>\n\n\n\n<p>\u00bfNo quiere lidiar con la fastidiosa b\u00fasqueda de un experto en un Mercado saturado de \u201cAsesores\u201d y \u201cConsultores\u201d sin experiencia?<\/p>\n\n\n\n<p>En LATAM, son muy escasos los Asesores profesionales que cuenten con 30 a\u00f1os de experiencia y que manejen cartera de un centenar de Clientes de primer orden con testimonios de resultados insospechados.<\/p>\n\n\n\n<p><strong>Nuestro Core Business: La Venta B2C\/B2B\/B2CEN, El Servicio al Cliente, los Equipos de Alto Rendimiento y el Liderazgo en tiempo desafiantes.<\/strong><\/p>\n\n\n\n<p>Hoy el mundo se mueve en el Ciberespacio y la Rob\u00f3tica y avanzan vertiginosamente no tiene reversi\u00f3n por el contrario se profundizar\u00e1 a\u00fan m\u00e1s y con ello, habr\u00e1 muchas y s\u00fabitas disrupciones que transformar\u00e1n nuestro vivir y la forma de hacer negocio, lo cual el CV19 precipit\u00f3 asombrosamente.<\/p>\n\n\n\n<p>Hemos brindado soluciones y beneficios extraordinarios a empresas de primer orden en el Comercio, la Industria y la Banca, varias a nivel Regional y con operaciones extra regionales, de ellas, se originan nuestras credenciales con testimonios directos y no de simples palabras de asesores o frases Clich\u00e9.<\/p>\n\n\n\n<p>No pierda su tiempo con quienes &nbsp;brindan conceptos que provienen de manuales, buscadores o cursos universitarios. Un consultor solo puede ofrecer confianza en los resultados cuando tiene experiencia en el campo de batalla. Roberto Vaughan y sus Asociados tienen la experiencia que usted busca.<\/p>\n\n\n\n<p><a href=\"http:\/\/vaughanadvisors.com\/cms\/testimonios\/\"><u>&lt;Ver portafolio y &nbsp;testimonios de clientes aqu\u00ed&gt;<\/u><\/a><\/p>\n\n\n\n<p><strong><u><strong><a href=\"http:\/\/vaughanadvisors.com\/cms\/wp-content\/uploads\/2023\/10\/Seminario-Sabado-11-de-noviembre-2023-Servicio-MYT.pdf\" target=\"_blank\" rel=\"noreferrer noopener\">Registro para seminario de Servicio de Sabado 11 de Noviembre 2023<\/a><\/strong><\/u><\/strong><\/p>\n\n\n\n<p><strong><u><strong><a href=\"http:\/\/vaughanadvisors.com\/cms\/wp-content\/uploads\/2023\/10\/Seminario-Sabado-11-de-noviembre-2023-Ventas.pdf\" target=\"_blank\" rel=\"noreferrer noopener\">Registro para seminario de Ventas de Sabado 11 de Noviembre 2023<\/a><\/strong><\/u><\/strong><\/p>\n\n\n\n<p>\u00a1No permita que los dram\u00e1ticos cambios mundiales le anulen su flexibilidad financiera y pongan en alto riesgo su flujo de caja y el futuro de su empresa!<\/p>\n\n\n\n<p>\u00a1Ad\u00e1ptese al cambio, convi\u00e9rtalo en oportunidades, sea de los Ganadores!<\/p>\n\n\n\n<p><strong>\u00a1Cons\u00faltenos hoy mismo!<\/strong><\/p>\n\n\n\n<p><a href=\"https:\/\/www.youtube.com\/channel\/UCKfMeW10mTgrz8ciohkjBCg\"><strong><u><strong>Vea todos los episodios desde nuestro canal de YouTube y redes sociales, suscr\u00edbase para ver nuevos episodios!<\/strong><\/u><\/strong><\/a><\/p>\n\n\n\n<p>Saludos cordiales, Roberto J. Vaughan \/ WhatsApp (505) 8908 2600<\/p>\n","protected":false},"excerpt":{"rendered":"<p>\u00bfEst\u00e1 buscando soluciones Profesionales para su negocio en 2023? \u00bfNo quiere lidiar con la fastidiosa b\u00fasqueda de un experto en [&hellip;]<\/p>\n","protected":false},"author":1,"featured_media":0,"parent":0,"menu_order":0,"comment_status":"closed","ping_status":"closed","template":"","meta":{"sfsi_plus_gutenberg_text_before_share":"","sfsi_plus_gutenberg_show_text_before_share":"","sfsi_plus_gutenberg_icon_type":"","sfsi_plus_gutenberg_icon_alignemt":"","sfsi_plus_gutenburg_max_per_row":"","site-sidebar-layout":"default","site-content-layout":"","ast-site-content-layout":"default","site-content-style":"default","site-sidebar-style":"default","ast-global-header-display":"","ast-banner-title-visibility":"","ast-main-header-display":"","ast-hfb-above-header-display":"","ast-hfb-below-header-display":"","ast-hfb-mobile-header-display":"","site-post-title":"","ast-breadcrumbs-content":"","ast-featured-img":"","footer-sml-layout":"","ast-disable-related-posts":"","theme-transparent-header-meta":"","adv-header-id-meta":"","stick-header-meta":"","header-above-stick-meta":"","header-main-stick-meta":"","header-below-stick-meta":"","astra-migrate-meta-layouts":"default","ast-page-background-enabled":"default","ast-page-background-meta":{"desktop":{"background-color":"var(--ast-global-color-5)","background-image":"","background-repeat":"repeat","background-position":"center center","background-size":"auto","background-attachment":"scroll","background-type":"","background-media":"","overlay-type":"","overlay-color":"","overlay-opacity":"","overlay-gradient":""},"tablet":{"background-color":"","background-image":"","background-repeat":"repeat","background-position":"center center","background-size":"auto","background-attachment":"scroll","background-type":"","background-media":"","overlay-type":"","overlay-color":"","overlay-opacity":"","overlay-gradient":""},"mobile":{"background-color":"","background-image":"","background-repeat":"repeat","background-position":"center center","background-size":"auto","background-attachment":"scroll","background-type":"","background-media":"","overlay-type":"","overlay-color":"","overlay-opacity":"","overlay-gradient":""}},"ast-content-background-meta":{"desktop":{"background-color":"var(--ast-global-color-4)","background-image":"","background-repeat":"repeat","background-position":"center center","background-size":"auto","background-attachment":"scroll","background-type":"","background-media":"","overlay-type":"","overlay-color":"","overlay-opacity":"","overlay-gradient":""},"tablet":{"background-color":"var(--ast-global-color-4)","background-image":"","background-repeat":"repeat","background-position":"center center","background-size":"auto","background-attachment":"scroll","background-type":"","background-media":"","overlay-type":"","overlay-color":"","overlay-opacity":"","overlay-gradient":""},"mobile":{"background-color":"var(--ast-global-color-4)","background-image":"","background-repeat":"repeat","background-position":"center center","background-size":"auto","background-attachment":"scroll","background-type":"","background-media":"","overlay-type":"","overlay-color":"","overlay-opacity":"","overlay-gradient":""}},"footnotes":""},"class_list":["post-821","page","type-page","status-publish","hentry"],"yoast_head":"<!-- This site is optimized with the Yoast SEO plugin v27.4 - https:\/\/yoast.com\/product\/yoast-seo-wordpress\/ -->\n<title>Seminarios Nicaragua 2023 - Vaughan Advisors<\/title>\n<meta name=\"robots\" content=\"index, follow, max-snippet:-1, max-image-preview:large, max-video-preview:-1\" \/>\n<link rel=\"canonical\" href=\"https:\/\/vaughanadvisors.com\/cms\/seminarios-nicaragua-2023\/\" \/>\n<meta property=\"og:locale\" content=\"en_US\" \/>\n<meta property=\"og:type\" content=\"article\" \/>\n<meta property=\"og:title\" content=\"Seminarios Nicaragua 2023 - Vaughan Advisors\" \/>\n<meta property=\"og:description\" content=\"\u00bfEst\u00e1 buscando soluciones Profesionales para su negocio en 2023? \u00bfNo quiere lidiar con la fastidiosa b\u00fasqueda de un experto en [&hellip;]\" \/>\n<meta property=\"og:url\" content=\"https:\/\/vaughanadvisors.com\/cms\/seminarios-nicaragua-2023\/\" \/>\n<meta property=\"og:site_name\" content=\"Vaughan Advisors\" \/>\n<meta property=\"article:modified_time\" content=\"2023-10-23T19:15:48+00:00\" \/>\n<meta name=\"twitter:card\" content=\"summary_large_image\" \/>\n<meta name=\"twitter:label1\" content=\"Est. reading time\" \/>\n\t<meta name=\"twitter:data1\" content=\"2 minutes\" \/>\n<script type=\"application\/ld+json\" class=\"yoast-schema-graph\">{\"@context\":\"https:\\\/\\\/schema.org\",\"@graph\":[{\"@type\":\"WebPage\",\"@id\":\"https:\\\/\\\/vaughanadvisors.com\\\/cms\\\/seminarios-nicaragua-2023\\\/\",\"url\":\"https:\\\/\\\/vaughanadvisors.com\\\/cms\\\/seminarios-nicaragua-2023\\\/\",\"name\":\"Seminarios Nicaragua 2023 - Vaughan Advisors\",\"isPartOf\":{\"@id\":\"https:\\\/\\\/vaughanadvisors.com\\\/cms\\\/#website\"},\"datePublished\":\"2023-05-11T17:13:27+00:00\",\"dateModified\":\"2023-10-23T19:15:48+00:00\",\"breadcrumb\":{\"@id\":\"https:\\\/\\\/vaughanadvisors.com\\\/cms\\\/seminarios-nicaragua-2023\\\/#breadcrumb\"},\"inLanguage\":\"en-US\",\"potentialAction\":[{\"@type\":\"ReadAction\",\"target\":[\"https:\\\/\\\/vaughanadvisors.com\\\/cms\\\/seminarios-nicaragua-2023\\\/\"]}]},{\"@type\":\"BreadcrumbList\",\"@id\":\"https:\\\/\\\/vaughanadvisors.com\\\/cms\\\/seminarios-nicaragua-2023\\\/#breadcrumb\",\"itemListElement\":[{\"@type\":\"ListItem\",\"position\":1,\"name\":\"Home\",\"item\":\"https:\\\/\\\/vaughanadvisors.com\\\/cms\\\/\"},{\"@type\":\"ListItem\",\"position\":2,\"name\":\"Seminarios Nicaragua 2023\"}]},{\"@type\":\"WebSite\",\"@id\":\"https:\\\/\\\/vaughanadvisors.com\\\/cms\\\/#website\",\"url\":\"https:\\\/\\\/vaughanadvisors.com\\\/cms\\\/\",\"name\":\"Vaughan Advisors\",\"description\":\"Asesores\",\"potentialAction\":[{\"@type\":\"SearchAction\",\"target\":{\"@type\":\"EntryPoint\",\"urlTemplate\":\"https:\\\/\\\/vaughanadvisors.com\\\/cms\\\/?s={search_term_string}\"},\"query-input\":{\"@type\":\"PropertyValueSpecification\",\"valueRequired\":true,\"valueName\":\"search_term_string\"}}],\"inLanguage\":\"en-US\"}]}<\/script>\n<!-- \/ Yoast SEO plugin. -->","yoast_head_json":{"title":"Seminarios Nicaragua 2023 - Vaughan Advisors","robots":{"index":"index","follow":"follow","max-snippet":"max-snippet:-1","max-image-preview":"max-image-preview:large","max-video-preview":"max-video-preview:-1"},"canonical":"https:\/\/vaughanadvisors.com\/cms\/seminarios-nicaragua-2023\/","og_locale":"en_US","og_type":"article","og_title":"Seminarios Nicaragua 2023 - Vaughan Advisors","og_description":"\u00bfEst\u00e1 buscando soluciones Profesionales para su negocio en 2023? \u00bfNo quiere lidiar con la fastidiosa b\u00fasqueda de un experto en [&hellip;]","og_url":"https:\/\/vaughanadvisors.com\/cms\/seminarios-nicaragua-2023\/","og_site_name":"Vaughan Advisors","article_modified_time":"2023-10-23T19:15:48+00:00","twitter_card":"summary_large_image","twitter_misc":{"Est. reading time":"2 minutes"},"schema":{"@context":"https:\/\/schema.org","@graph":[{"@type":"WebPage","@id":"https:\/\/vaughanadvisors.com\/cms\/seminarios-nicaragua-2023\/","url":"https:\/\/vaughanadvisors.com\/cms\/seminarios-nicaragua-2023\/","name":"Seminarios Nicaragua 2023 - Vaughan Advisors","isPartOf":{"@id":"https:\/\/vaughanadvisors.com\/cms\/#website"},"datePublished":"2023-05-11T17:13:27+00:00","dateModified":"2023-10-23T19:15:48+00:00","breadcrumb":{"@id":"https:\/\/vaughanadvisors.com\/cms\/seminarios-nicaragua-2023\/#breadcrumb"},"inLanguage":"en-US","potentialAction":[{"@type":"ReadAction","target":["https:\/\/vaughanadvisors.com\/cms\/seminarios-nicaragua-2023\/"]}]},{"@type":"BreadcrumbList","@id":"https:\/\/vaughanadvisors.com\/cms\/seminarios-nicaragua-2023\/#breadcrumb","itemListElement":[{"@type":"ListItem","position":1,"name":"Home","item":"https:\/\/vaughanadvisors.com\/cms\/"},{"@type":"ListItem","position":2,"name":"Seminarios Nicaragua 2023"}]},{"@type":"WebSite","@id":"https:\/\/vaughanadvisors.com\/cms\/#website","url":"https:\/\/vaughanadvisors.com\/cms\/","name":"Vaughan Advisors","description":"Asesores","potentialAction":[{"@type":"SearchAction","target":{"@type":"EntryPoint","urlTemplate":"https:\/\/vaughanadvisors.com\/cms\/?s={search_term_string}"},"query-input":{"@type":"PropertyValueSpecification","valueRequired":true,"valueName":"search_term_string"}}],"inLanguage":"en-US"}]}},"_links":{"self":[{"href":"https:\/\/vaughanadvisors.com\/cms\/wp-json\/wp\/v2\/pages\/821","targetHints":{"allow":["GET"]}}],"collection":[{"href":"https:\/\/vaughanadvisors.com\/cms\/wp-json\/wp\/v2\/pages"}],"about":[{"href":"https:\/\/vaughanadvisors.com\/cms\/wp-json\/wp\/v2\/types\/page"}],"author":[{"embeddable":true,"href":"https:\/\/vaughanadvisors.com\/cms\/wp-json\/wp\/v2\/users\/1"}],"replies":[{"embeddable":true,"href":"https:\/\/vaughanadvisors.com\/cms\/wp-json\/wp\/v2\/comments?post=821"}],"version-history":[{"count":24,"href":"https:\/\/vaughanadvisors.com\/cms\/wp-json\/wp\/v2\/pages\/821\/revisions"}],"predecessor-version":[{"id":891,"href":"https:\/\/vaughanadvisors.com\/cms\/wp-json\/wp\/v2\/pages\/821\/revisions\/891"}],"wp:attachment":[{"href":"https:\/\/vaughanadvisors.com\/cms\/wp-json\/wp\/v2\/media?parent=821"}],"curies":[{"name":"wp","href":"https:\/\/api.w.org\/{rel}","templated":true}]}}